 4*n = -0*p - w, p - 126 = -4*n. What is the tens digit of p?
4
Let p = -7 + 6. What is the tens digit of (-48)/(-2) - -3 - 2*p?
2
What is the tens digit of 3933 - (8 + 12/(-1))?
3
Suppose -4*f + 9*c = 5*c - 5060, 5*c + 15 = 0. What is the tens digit of f?
6
What is the tens digit of (182/13)/(3/3)?
1
What is the hundreds digit of 790 + (-8 - 42/(-7))?
7
Let o = 930 - 554. Suppose -3*g - g = 4*w - o, -g = -5*w + 464. What is the units digit of w?
3
Let g(x) = -9*x - 12. Let w(s) = 45*s + 59. Let f(p) = 11*g(p) + 2*w(p). What is the tens digit of f(-7)?
4
Suppose 12*f + 427 = 13*f. Suppose -2*d = -l + 200, f = l + l + 5*d. What is the hundreds digit of l?
2
Suppose r - 86 = 27. Suppose 4*i = -4*b + 144, i - 4*i + r = 4*b. What is the units digit of i?
1
Let p(j) = j - 1 + 9*j**2 - 2*j - 7*j**2. Let i be p(-1). Suppose 3*s - 1 = i. What is the units digit of s?
1
What is the thousands digit of 18 + -19 - 3432/(-3)?
1
Let x(c) = 4*c**3 - 10*c**2 + 7*c + 8. Let l(r) = r**3 - r. Let m(y) = 5*l(y) - x(y). What is the units digit of m(-11)?
3
Let o(i) = i + 11. Let y be o(-7). Suppose 3*j = -5*p + 115, 0*j - 158 = -y*j - 2*p. What is the units digit of j?
0
Let r be 2 + -3 + (-13)/1. Let g(q) = q + 20. Let c be g(r). What is the tens digit of (-4)/12 + 260/c?
4
Let b(o) = o**2 + 35*o - 10. What is the units digit of b(-38)?
4
Suppose 5*i - 2 - 8 = 0, 3938 = 3*g - 5*i. What is the tens digit of g?
1
Let p = 1436 - 980. Suppose -p = -5*l - d, 3*l + 181 = 5*l - d. What is the units digit of l?
1
Suppose z + 4*z = -2*j + 137, 2*z = j - 64. Suppose 0 = 4*h - 6*h + j. What is the units digit of h?
3
Let a be (36/15)/(3/(-40)). What is the tens digit of a/12*-15*2?
8
Suppose 3*c = -4 + 184. Suppose c = 3*x - 33. Suppose -10 + x = 3*y. What is the units digit of y?
7
Suppose 13*k - 64 = -12. Suppose 2*c - 2*h - 25 = 123, k*c - 5*h = 295. What is the tens digit of c?
7
Let j(g) = -4*g - 17. Let r = -13 + 8. Let q be j(r). Suppose -3*n = -q*x + 228, -3*x - 56 = -4*x - 4*n. What is the tens digit of x?
7
Let d = 5 - 1. Suppose 337 + 67 = d*x. Suppose 4*i - x = 51. What is the units digit of i?
8
Let w(b) = b**3 + 16*b**2 + 3*b - 40. What is the hundreds digit of w(-14)?
3
What is the units digit of -1 - (120 - 2)*275/(-22)?
4
Let y be 42*-1*(-2 + -3). Suppose -5*r + 0*r = -y. What is the tens digit of r?
4
Let n = -936 + 1627. What is the units digit of n?
1
Let x(r) = -61*r**3 - 6*r**2 - 13*r - 5. What is the hundreds digit of x(-2)?
4
Suppose 240 = t + 8*j - 3*j, 2*t - 525 = -j. Suppose n = -4*n + t. What is the tens digit of n?
5
Let d = 22 - 19. Suppose -i + 15 = d*y, 2*i + i - 25 = -5*y. Suppose -2*n = -2*x - 3*n + 52, 0 = -y*x + 5*n + 115. What is the units digit of x?
5
What is the units digit of (9/42 + 14/49)*884?
2
Suppose 3*m + m = 3*c + 819, 3*c - 813 = -4*m. What is the hundreds digit of ((-2)/14*m)/((-1)/7)?
2
Let g be 2/(-7) - 64/(-28). Suppose -2*c + 5*x = -24, 8 + 0 = -g*x. Suppose 0 = r + c*p - 22, r - 44 = -r + 4*p. What is the units digit of r?
2
Suppose 0 + 10 = q. Suppose -2*m + 197 = -h, -2*h + q = -4*h. Let g = -47 + m. What is the units digit of g?
9
Let r be -3*((-3)/9 - 0). Let m(l) = -3*l + 6. Let h(a) = a - 1. Let q(i) = r*m(i) + 4*h(i). What is the units digit of q(12)?
4
Suppose 10*w + 7579 = 23*w. What is the hundreds digit of w?
5
Suppose -4*h + 11*x - 14*x + 1061 = 0, -2*x - 2 = 0. What is the hundreds digit of h?
2
Let k(g) = g**3 + g**2 + 2*g + 4. Suppose 2*m = 5*h - 25, -4*h + m - 3 = 4*m. What is the tens digit of k(h)?
4
Let y = -281 + 339. What is the units digit of y?
8
Let r = 32 - 17. Suppose g - r = -2*g. Suppose 0 = g*v - 10 - 30. What is the units digit of v?
8
Let k(t) = 2*t**2 - 32*t - 21. What is the units digit of k(24)?
3
Suppose -5*l = r - 3*l - 2, -2*r = 2*l - 2. Suppose -364 = -3*d + 5*s, 4*d + 3*s + r*s - 437 = 0. What is the hundreds digit of d?
1
Suppose -5*d = -3*d. Let s be -26*(-1 - 1/(-2)). Suppose 2*u - 26 = -2*b, -b + d*u + s = -2*u. What is the units digit of b?
3
Let i(o) = -o**3 - 7*o**2 - 6*o + 8. Let l be i(-6). Suppose -4*j - 421 = -5*h, -l*h - 4*j = -6*h - 146. What is the tens digit of h?
8
Suppose 48 = -2*p + 564. Suppose p = 4*a + 4*t - 50, 3*t = 15. Suppose a = 2*u - 32. What is the units digit of u?
2
Suppose y - 1 = 0, -r + 6*y + 2 = 2*y. Suppose d = 50 + r. What is the units digit of d?
6
Let b = -4 + 22. Suppose 0 = -b*m - 89 + 2195. What is the hundreds digit of m?
1
Suppose -2 + 12 = 5*k, 172 = 2*n - 4*k. Let b be 10*-1*n/(-12). Suppose b = 9*c - 8*c. What is the units digit of c?
5
What is the units digit of 6/(-27) + 23777/117?
3
Let m(d) = 6*d**2 + 32*d - 182. What is the hundreds digit of m(15)?
6
Let a(u) = 1034*u**2 - 17*u + 26. What is the thousands digit of a(2)?
4
Suppose 0 = -5*h + 4*h + 167. Let o = 236 - h. Suppose 7*m = 3*m - 3*u + 117, 2*m + 5*u = o. What is the units digit of m?
7
Suppose -20*n + 2179 = -5481. What is the hundreds digit of n?
3
Suppose -12 = -w - 4. Let t(f) = 5*f + 5. Let b be t(-4). Let m = w - b. What is the units digit of m?
3
Suppose 2*x + 72 = 82. Suppose -3*h - x*j = -525, 0*j - 4*j = 4*h - 708. What is the tens digit of h?
8
Let x = -1331 - -2115. What is the tens digit of x?
8
Suppose -20 = -25*z + 20*z. Suppose -2*l - z*i + i = -153, 0 = -5*i + 5. What is the tens digit of l?
7
Let j(z) be the first derivative of -z**4/4 - 11*z**3 - 32*z**2 - 13*z - 17. What is the tens digit of j(-31)?
4
Let h = 36 + 90. What is the tens digit of h?
2
Let f(n) = 48*n**2 + n. Suppose -8*s = -3*s - 5. What is the tens digit of f(s)?
4
Let r(h) = h**3 - h - 2. Let o be r(2). Suppose 0 = c + 3*a - 9, o*c - 10 = 2*c + 2*a. What is the units digit of c?
6
Suppose 0 + 10 = -2*t. Let u be (5 - 2)/((-3)/t). Suppose -u*b + 8 + 207 = 0. What is the units digit of b?
3
Let v be (42/(-9))/(2/12). Let c = 47 + v. What is the units digit of c - (3/3)/(-1)?
0
Suppose -d + 140 = -6*d. Let c be 2*(2 - 1) - d. What is the tens digit of c*((-51)/(-15) - 3)?
1
Let u(i) = -12 + 31*i**3 - 29*i**3 + 4 + 13*i**2. What is the units digit of u(-6)?
8
Suppose -78*t = -105*t + 68202. What is the tens digit of t?
2
Let w(b) = -2 - 9*b - 2*b**3 - 7*b**2 - b**3 - 8*b**2. Let m(v) = 4*v**3 + 23*v**2 + 14*v + 3. Let d(q) = 5*m(q) + 7*w(q). What is the tens digit of d(10)?
7
Let n = 291 + -200. Let b be (1*-3)/((-141)/(-2021)). Let l = n + b. What is the tens digit of l?
4
Suppose x + 126 = -52. Let q = 13 - x. Suppose 0 = 5*p + 3*y - q, 7*p = 2*p + y + 203. What is the tens digit of p?
4
Let n = 2 - 6. What is the units digit of -5 - (2 - (-200)/n)?
3
Suppose -5*p + 42 = 2*w, 2*p - 3 = -3*w + 5. Suppose -x = -o + 80, 0*x + 3*x + 390 = 5*o. Suppose -m + o = 3*t, 5*m - 1 = t - p. What is the units digit of t?
4
Let r(v) = v**3 + 11*v**2 + 4*v - 7. Let a(u) = u**2 + u. Let b(i) = -5*a(i) + r(i). What is the units digit of b(-5)?
3
Suppose -4154*j + 4157*j - 3555 = 0. What is the units digit of j?
5
Let x(k) = k - 3. Let g be x(7). Let d = g - 1. Suppose -2*u = -d*u + 16. What is the tens digit of u?
1
Let i(n) = 61*n**3 + 3*n**2 + 16*n - 35. What is the tens digit of i(2)?
9
Suppose 12*i - 17198 = 922. What is the thousands digit of i?
1
Suppose -3*o + 3*d - 1 = -4, 5*o + 1 = -d. Suppose g + 5*h - 64 = 0, o*h + 224 = 3*g - h. Let z = g + -50. What is the units digit of z?
4
Let k = 8179 + -3024. What is the thousands digit of k?
5
Let w(c) = 2*c**3 + 3*c**2 + 5. Let r(k) = -4*k**3 - 5*k**2 + k - 9. Let p(t) = 4*r(t) + 7*w(t). What is the tens digit of p(-3)?
5
Let g = 2237 + 1649. What is the thousands digit of g?
3
What is the thousands digit of 139/2*(-15 + 1 - -46)?
2
Let j be 3/(-1) - 40/(-8). Let h(x) = x**2 + 4*x - 3. Let a be h(j). Suppose v - a = 9. What is the units digit of v?
8
What is the units digit of ((-24)/15)/(7412/7420 + -1)?
4
Let v(q) = q**3 + q**2 - 2*q - 4. Suppose 6*u - 3*u - 2*t - 1 = 0, -2*t = 4*u + 22. Let y be v(u). Let n = y + 19. What is the units digit of n?
3
Suppose 3*g + 4*o - 11 = 0, 0*o - 8 = -2*g - 2*o. Suppose w - 15 = -4*h, 2*h - g*h - 3 = -4*w. Suppose h*i = -4 + 55. What is the tens digit of i?
1
Let c = 20 - 1. Let f(y) = 10*y - 30. What is the units digit of f(c)?
0
Let u be ((-28)/8)/7*2. Let m(x) = 27*x**2 + 2*x. What is the tens digit of m(u)?
